r). What is the remainder when 17 is divided by -1*(-4)/6*o?
5
Let b(j) = -6*j**2 - 5*j - 9. Let l(k) = 3*k**2 + 2*k + 5. Let d(p) = -4*b(p) - 7*l(p). What is the remainder when 98 is divided by d(-4)?
23
Suppose 0 = o + 5*q - 48, 5*o - 168 = 2*o - 3*q. What is the remainder when o is divided by 10?
8
Suppose -238 = 3*z - 5*z. Calculate the remainder when z is divided by 30.
29
What is the remainder when 41 is divided by (-22)/(-2 + -3 - -3)?
8
Let o = 1 - 0. What is the remainder when 3 is divided by o?
0
Let c = 14 + -1. Suppose g + 3*l = c, -l = -3*g - 0*l + 49. What is the remainder when 31 is divided by g?
15
Suppose -2*i + 10 = 0, -i = 5*y + i - 180. Suppose -5*x = -y - 16. Let f(o) = 3*o**2 - 7*o - 2. Calculate the remainder when f(5) is divided by x.
8
Let o(w) = 11*w + 5. Let f(t) = -22*t - 9. Let a(s) = 3*f(s) + 5*o(s). What is the remainder when a(-5) is divided by 18?
17
Let h = 138 + -69. What is the remainder when h is divided by 18?
15
Let r = 81 + -49. Suppose 0 = -4*z - 0*z - r. Let g(q) = -q**3 - 7*q**2 + 6*q - 9. What is the remainder when g(z) is divided by 4?
3
Suppose 2*r + x = 47, -4*x - 20 + 1 = -r. Let g(m) = 2*m**2 + 5*m + 9. Calculate the remainder when r is divided by g(-3).
11
Suppose -5 = -d + 6. Let w(y) = -7*y - 24. Calculate the remainder when d is divided by w(-4).
3
Let u = 10 - 5. Suppose -4*s + 80 = -0*j - u*j, 4*j = 2*s - 46. What is the remainder when (37 - -5) + (-1)/(-1) is divided by s?
13
Let s be -16*((-15)/6 + 2). Let x(q) = q**2 - 3*q - 11. Calculate the remainder when x(s) is divided by 15.
14
Let k = -31 - -85. What is the remainder when k is divided by 7?
5
Let m(z) be the first derivative of 1/3*z**3 + 1/2*z**4 - 1 - z + 1/2*z**2. What is the remainder when m(1) is divided by 2?
1
What is the remainder when 11 is divided by ((-7)/(-14))/((-1)/(-6))?
2
Let q(b) = -13*b. Suppose -5*p = 10 + 10. Let k = 29 + p. What is the remainder when k is divided by q(-1)?
12
Let z be (-6)/(-10) + (-6)/10. Suppose 3*j - 20 - 10 = z. Calculate the remainder when j is divided by 10/3 - (-2)/3.
2
Calculate the remainder when -2*(1 + 39/(-2)) is divided by 5*((-42)/(-10) - 10/25).
18
Suppose 0 = 4*v - 2*p - 84, -26 + 110 = 4*v - 3*p. What is the remainder when v is divided by 12?
9
Suppose -3*m - 16 = 2*u, -4*m + 0*u + 4*u - 8 = 0. Let s = -45 - -100. What is the remainder when s is divided by 28*(6/m)/(-3)?
13
Suppose -6*m + 4*m = -6. Suppose -22 = -m*y + 5*f, 2*y + 2*f - 10 = 3*f. What is the remainder when 13 is divided by y?
1
Let z = 34 + -17. What is the remainder when 49 is divided by z?
15
Let g be ((-16)/(-6))/(2/6). Suppose -g*k = -5*k - 42. What is the remainder when 26 is divided by k?
12
What is the remainder when 20 is divided by (-1 - 2)/((-100)/12 + 8)?
2
Suppose 4*h + 30 = 2*y, -5*y = -4*y - 5*h - 12. Suppose -2*t - y = -3*t. Calculate the remainder when t is divided by 9.
8
Let h = 2 + 13. Calculate the remainder when 55 is divided by h.
10
Suppose 5*i - i + r = 198, -5*r = 5*i - 240. Suppose 3*t - 4*c = 59, 5*t + c + 2*c = i. Calculate the remainder when 25 is divided by t.
12
Suppose 108 = -3*g + 7*g. Let n = 189 + -131. Calculate the remainder when n is divided by (3/2)/(g/360).
18
Let f = 8 + -6. Suppose f*u = l - 23, -4*l + 6*u - 2*u = -80. Let g(p) = -p + 70. Calculate the remainder when g(21) is divided by l.
15
Let n(s) = s**2 - 3*s - 4. Let b(c) = c - 3. Let r be b(6). Suppose -6 - r = -m. What is the remainder when n(-4) is divided by m?
6
Let p = 8 - 6. Let n(j) = 0*j**p + j + j**3 - 7*j**2 + 0*j**2 + 6. What is the remainder when n(7) is divided by 7?
6
Suppose -30 = -f + 4*g, 4*f + 0*g - 25 = -3*g. What is the remainder when 67 is divided by f?
7
Let b be (-1 + 2)/1 + -1. Suppose 3*o - 11 - 37 = b. Let q = 18 + -9. Calculate the remainder when o is divided by q.
7
Suppose -5*w + 48 = -27. Let b = -4 + w. Let i(m) = 5*m + 7. What is the remainder when i(5) is divided by b?
10
Suppose 4*h - 210 = -3*k + 240, -5*h - 423 = -3*k. Calculate the remainder when k is divided by 15.
11
Let r(o) = o - 6. Let v be r(10). Let u = v - -60. Suppose -3*t = t - u. What is the remainder when t is divided by 9?
7
Let g = -30 + 47. What is the remainder when 50 is divided by g?
16
Let k(j) = -13 - j + 4 - 3*j. Let p be k(-6). Calculate the remainder when 9/p - (-294)/10 is divided by 16.
14
Suppose -2*z = -2*v - 30, v + 23 - 104 = -5*z. What is the remainder when 29 is divided by z?
13
Let p be (4/(-10))/(2/(-130)). Suppose 4*y - p = 378. What is the remainder when y is divided by 26?
23
Suppose 12 + 8 = 5*f. Let y = f + -1. Suppose 0 = 3*x + 5*h - y*h - 6, -5 = -2*x - h. What is the remainder when x is divided by 2?
0
Let r(f) = -1 + 6*f - 7 + 4*f + f**3 + 12*f**2. Let m(t) = -t - 11. Let a be m(0). Calculate the remainder when 8 is divided by r(a).
2
Let y(l) = -l**2 - 12*l - 19. Suppose 3*a = -0*a + 27. What is the remainder when y(-7) is divided by a?
7
Suppose -q + 625 = 5*z, 2*z - 521 = -2*z - 5*q. Suppose -2*w = 2*w - z. What is the remainder when w is divided by 11?
9
Suppose 2*k - 23 = 3. What is the remainder when 62 is divided by k?
10
Let t = -21 - -34. Calculate the remainder when 19 is divided by t.
6
Let k = 63 + 3. What is the remainder when k is divided by 18?
12
Suppose 4*m - 63 = -3*g, 4*m - 2*g = -3*g + 69. What is the remainder when 33 is divided by m?
15
Suppose 5*v = 3*q + 2, 3*v = 7*q - 2*q - 2. Suppose -v = -b, b = -5*i - 0*b + 16. Suppose -i*k + 40 = 2*k. What is the remainder when 23 is divided by k?
7
Suppose -2*z + 5*x = -12, x + 1 = -3*z - x. Let t = z + 8. What is the remainder when 25 is divided by t?
7
Let v(f) = 58*f + 1. Suppose -7*w + 90 = -w. What is the remainder when v(1) is divided by w?
14
Let w = -170 - -241. Calculate the remainder when w is divided by 18.
17
Suppose 3*o - 49 = 26. What is the remainder when (-1 + 0)*74/(-1) is divided by o?
24
Let a = -2 - -3. Suppose -w - 3*t + 23 = 0, -4*t + 93 = 6*w - w. Calculate the remainder when w is divided by 1/((-16)/18 + a).
8
Suppose -r - d + 11 = -8, r - 22 = 2*d. Calculate the remainder when 118 is divided by r.
18
Let w(h) = h**2 + 14*h + 8. Let l be w(-6). What is the remainder when 6/(-21) - 284/(-14) is divided by (-3)/(-9) - l/6?
6
Suppose -4*a + 2*a + 64 = 4*v, -a - 5*v + 35 = 0. Let y(l) = 7*l**2 - 2*l**3 + 0 - 4*l**2 - 4*l**2 + 4. What is the remainder when a is divided by y(-2)?
14
Suppose -f + 6 - 23 = -2*p, -3 = -p. Let q = 20 + f. Let m(u) = -u**2 + 11*u - 3. Calculate the remainder when 29 is divided by m(q).
14
Let v(n) = n + 5. Suppose -5*b = 2 - 7. What is the remainder when b is divided by v(-4)?
0
Let r(m) = 2*m**2 + 12*m - 1. What is the remainder when r(-9) is divided by 9?
8
Suppose -5*p = -3*n - 68, -2*p = 4*n - 19 - 3. What is the remainder when 51 is divided by p?
12
Suppose -5*n = -4*i + 51, 0*n - 2*n + 58 = 4*i. Let p = -7 + i. What is the remainder when (0 - -1) + 0 - -18 is divided by p?
5
Suppose 21 = -37*r + 38*r. Let z = -263 - -462. Suppose 3*l - z = -76. Calculate the remainder when l is divided by r.
20
Let o = 8 - 12. Calculate the remainder when 64 is divided by (-1 + (-36)/8)*o.
20
Let z(f) = 3*f + 5. Let r be z(6). Let i = 46 - r. Let v = 3 + 5. Calculate the remainder when i is divided by v.
7
Let y = 4 + 3. Let n = 33 + -13. Calculate the remainder when n is divided by y.
6
Suppose -12 - 2 = n. Let k = n - -21. Calculate the remainder when 3 - ((-9)/(-3) - 25) is divided by k.
4
Let g = 0 - -4. Let z = 85 + -75. What is the remainder when z is divided by g?
2
Suppose -3*q + 111 + 44 = -5*l, -5*l - 65 = -q. Suppose -2*z + 3*z - 18 = -5*c, 2*z + 4*c - 42 = 0. Calculate the remainder when q is divided by z.
22
Let a(m) = m**3 - 2*m**2 - 5*m + 9. Let n be 5/30 + 23/6. What is the remainder when 62 is divided by a(n)?
20
Let h = -2 + 6. Let p(i) = i - 2. Let l be p(h). Suppose -l*b - 20 - 6 = -2*d, 69 = 5*d - 4*b. What is the remainder when d is divided by 10?
7
Calculate the remainder when ((-1456)/(-48))/(2/6) is divided by 31.
29
Calculate the remainder when 43 is divided by 15 - (-1 + 17)/4.
10
Suppose -14 = -n - 4. Calculate the remainder when 23 is divided by ((-18)/(-15))/(1/n).
11
Calculate the remainder when 13 is divided by -2 - -9 - ((-2)/2 + -1).
4
Let c(s) = 2*